ime factors of k?
7
Suppose -3*f + m + 499 = 0, -821 = -5*f + m - 2*m. Suppose 7*w - 2*w = f. What are the prime factors of w?
3, 11
Suppose 5*c + 2*g + 31 = 0, 22 = -5*c - 3*g + 4*g. Let o(v) = v + 7. What are the prime factors of o(c)?
2
Let v = -21 - -37. What are the prime factors of v?
2
Let l be -4 + 2/3 + 4/(-6). Let k(m) be the third derivative of -m**4/8 + 2*m**3/3 + m**2. List the prime factors of k(l).
2
Suppose 0 = 3*k + 2*k. Suppose 4*a - 2*i + 6*i - 76 = k, 0 = 5*a + 4*i - 94. Suppose 4*v - 18 = a. List the prime factors of v.
3
Suppose -4*q = -q + 9. What are the prime factors of q + (-1 - (-17 - -1))?
2, 3
Suppose -513 = -3*w - 2*r, 6*r = 3*w + 3*r - 528. List the prime factors of w.
173
Let w = 230 + -116. What are the prime factors of w?
2, 3, 19
Let f = -69 + 119. List the prime factors of f.
2, 5
Let l(h) = 2*h**2 + 27*h - 41. List the prime factors of l(-21).
2, 137
Let j(s) = -s. Let t be j(12). Let k(n) = 2*n**2 - 6*n + 1. Let y be k(5). Let i = y + t. List the prime factors of i.
3
Let c = 39 + -19. Let o = c - 13. List the prime factors of o.
7
Let m = 31 - 17. List the prime factors of m.
2, 7
Let s = 9 + 3. List the prime factors of 51/s + 4/(-16).
2
Suppose -4*d + 48 = -0*d. Suppose -34 = -u - d. List the prime factors of u.
2, 11
Let q(z) = z**2 + z - 2. Suppose 2*g = g. Let i be q(g). What are the prime factors of (-24)/i + (-2 - -2)?
2, 3
Suppose 0 = 20*b - 19*b - 64. List the prime factors of b.
2
List the prime factors of ((-390)/20)/((-3)/4).
2, 13
Let o(i) be the third derivative of -i**5/60 + i**4/8 + i**3/6 + 2*i**2. Let a be o(6). What are the prime factors of 3/9*3 - a?
2, 3
Suppose 4*w - 3*w = 73. List the prime factors of w.
73
Suppose a - 1 - 2 = 0. Suppose 0 = m + 1 - a. Suppose 12 = m*q - 0*q. What are the prime factors of q?
2, 3
Let t = 10 + 10. Suppose t = 3*c - 19. What are the prime factors of c?
13
Let o(k) = 8*k**2 + 7*k - 4. List the prime factors of o(2).
2, 3, 7
Let o be 19/5 - (-4)/20. Suppose -3*s + 10 = -o*w, -7 + 3 = 4*w. Let x(h) = h**2 - 2. List the prime factors of x(s).
2
Suppose 0 = -k - k. Suppose g + 2*i - 17 + 4 = k, 5*g + 10 = 5*i. Suppose -3*o = 5*q - 2, 5*o - q - 28 = g*q. What are the prime factors of o?
2
Let p(u) = 7*u**2 + u + 2. Let i be (-7)/4 + (-2)/8. Let j be p(i). Suppose -5*l = -3*l - j. List the prime factors of l.
2, 7
Let q = -6 + 27. List the prime factors of q.
3, 7
Suppose 5*t - 582 = 58. What are the prime factors of t?
2
Let z(v) = -2 + 2 + 0*v**2 + v + v**2. List the prime factors of z(-2).
2
Suppose 8*o = 2*o + 672. List the prime factors of o.
2, 7
Let m(x) = 7*x**2 - 3*x - 1. What are the prime factors of m(5)?
3, 53
Let j(l) = -l + 20. What are the prime factors of j(15)?
5
Suppose 7*z = 9*z - 124. What are the prime factors of z?
2, 31
Let o = 4 + -2. Suppose -o*d - 3*d + 40 = 0. What are the prime factors of d?
2
Let y = -6 + 6. Let p = 4 - y. List the prime factors of p.
2
Suppose 5*s - 5*l - 20 = 0, 5*l + 8 + 12 = -3*s. Suppose -9*q + 80 = -4*q. Suppose 2*x + x - 4*b + 6 = 0, s = 2*x + 4*b - q. What are the prime factors of x?
2
Suppose -3*r + 104 = 4*f, -4*f + 4*r - 34 + 138 = 0. What are the prime factors of f?
2, 13
Let k(o) = -o - 7. Let d be k(-5). Let s(n) = n**2 + n + 1. Let a be s(2). Let b = a + d. List the prime factors of b.
5
Suppose 36 = -2*l + 4*l + 4*i, -3*l - 2*i = -38. List the prime factors of l.
2, 5
List the prime factors of 59 + 1 + (-21)/(-7).
3, 7
Suppose 0 = -5*v - x + 308, -166 = 5*v - 4*x - 484. Suppose -5*w - v = -4*d + 31, -3*d = -2*w - 61. Let t = d + -11. List the prime factors of t.
2, 3
Suppose -2*w + 5*a + 431 = 0, 4*w - 6*a = -9*a + 823. List the prime factors of w.
2, 13
Suppose 5*z = 2*z - 6. Let w(p) = 6*p + 1. Let u be w(z). Let v = u - -18. What are the prime factors of v?
7
Let o(g) = g**3 - 13*g**2 + 4*g. List the prime factors of o(13).
2, 13
Suppose 7*u - 8 = 5*u. Suppose -u + 2 = -i. List the prime factors of i.
2
Let f(c) be the third derivative of c**5/60 - c**4/2 + 17*c**3/6 - 7*c**2. List the prime factors of f(14).
3, 5
Suppose -3 = -2*t + 1. Suppose -14 - 26 = -4*n - t*i, -5*n + 51 = 3*i. Let w = 15 - n. What are the prime factors of w?
2, 3
Let o = -9 - -8. List the prime factors of o + 16 - (-3)/3.
2
Let q(w) = 2*w**2 + w - 1. Let o be q(1). What are the prime factors of (3 - o)/(1/10)?
2, 5
Let g(x) = 6*x - 6. Let k be g(4). Suppose -k = -2*r - 8. What are the prime factors of r?
5
Suppose -5*l + 16 + 49 = 0. Let w = 48 - 39. Let m = l - w. What are the prime factors of m?
2
Let x be (-3)/9 + 26/6. Suppose 3*h - 2*h - 4*j = 18, -x*h - j = -4. Suppose -27 + 2 = -u + 5*y, 0 = h*u - y - 14. What are the prime factors of u?
5
Let j(s) = -s**3 + 5*s**2 + 1. Let x be j(5). Let c be (-15)/(-2 + x)*1. List the prime factors of (-6)/15 - (-186)/c.
2, 3
Let j = 9 - 5. List the prime factors of j*5/((-10)/(-6)).
2, 3
Suppose 2*h - 6 = -5*y, 5*h - 45 + 15 = -5*y. List the prime factors of h.
2
Suppose -160 = -4*j - 12. List the prime factors of j.
37
Suppose 5*t - 2*t - 6 = 0. Suppose t*g + 0 = 8. What are the prime factors of g?
2
Let y(h) be the third derivative of h**6/40 - h**5/15 + h**4/12 + 3*h**2. Let z be y(3). Suppose -4*s + z = -9. What are the prime factors of s?
3, 5
Let h(g) be the second derivative of 5*g**4/12 - g**3/2 + 3*g**2/2 + 4*g. Let z be h(-3). Let o = z + -40. What are the prime factors of o?
17
Let v(t) = t**3 + 8*t**2 - 9*t - 1. Let y be v(-9). Let z = -6 + 9. Let g = y + z. What are the prime factors of g?
2
Let z = 16 - 12. Suppose 74 = 3*i + g, -79 = -z*i + g + 29. List the prime factors of i.
2, 13
Suppose -3*a + 6 + 9 = 0, -4*t + 47 = 3*a. Suppose 0 = 2*i - t, 0 = 4*y - 6*y + 4*i - 6. List the prime factors of y.
5
Let p be ((-402)/(-4))/(6/8). List the prime factors of p/4 + (-2)/(-4).
2, 17
Let g(f) = -f**2 - 10*f - 3. Let o(n) = -n - 3. Let i be o(5). What are the prime factors of g(i)?
13
Suppose -3*z - 24 = j - 5*j, 2*j + 10 = -4*z. Let a(b) be the first derivative of -b**4/4 - 5*b**3/3 - 2*b**2 + 4*b + 6. List the prime factors of a(z).
2
Let q(m) = -46*m + 59. What are the prime factors of q(-5)?
17
Suppose 5*t - 10 - 1 = -3*o, 0 = -3*o - t + 7. Let d = -2 + o. Suppose 2*m = -d*m + 14. What are the prime factors of m?
7
Let d = 8 + -2. List the prime factors of d.
2, 3
Let f = 246 + -75. List the prime factors of f.
3, 19
Let o(a) = 8*a + 3. Let h(b) = -95*b - 35. Let s(r) = 3*h(r) + 35*o(r). Let w(z) = z. Let i(d) = 6*s(d) + 25*w(d). What are the prime factors of i(-3)?
3, 5
Let k be (5 + -1)*11/22. Let n(f) = 6*f - 2. List the prime factors of n(k).
2, 5
Suppose -4*j = -33 + 13. Let c = 4 + j. Let s = c - -3. List the prime factors of s.
2, 3
Let c = -29 - -54. List the prime factors of c.
5
Let i = 13 - 10. Suppose -138 = -0*n - i*n. What are the prime factors of n?
2, 23
Suppose -3*n = -6 - 3. Suppose -n*q = -24 - 3. List the prime factors of q.
3
Let f = 2 - 0. Let a = 4 + -1. Suppose a*o = f*o + 2. List the prime factors of o.
2
Suppose 7*r = 9*r. Suppose r = -t - t + 36. List the prime factors of t.
2, 3
Let h = 36 + -21. List the prime factors of 246/h - (-6)/(-15).
2
Let q be -1 - (0 - (-3 - -6)). Suppose j - s - 30 = -0*j, 4*j = q*s + 124. List the prime factors of j.
2
Suppose -15 = -2*w + 161. What are the prime factors of w?
2, 11
List the prime factors of 135 + (-5)/(-20)*0.
3, 5
Let i be 1*0/1 + 19. Let h = i + -4. What are the prime factors of h?
3, 5
Let y(p) = 5*p**2 + 6*p - 9. List the prime factors of y(3).
2, 3
Let z(p) = p**2. Let o(v) = -4*v**2 + 2*v + 4. Let h(d) = -o(d) - 3*z(d). What are the prime factors of h(6)?
2, 5
Let a = 72 - -127. List the prime factors of a.
199
Let b(t) = -t**3 - 3*t**2 - 7*t + 4. Let k(f) = f**3 + 2*f**2 + 8*f - 3. Let h(y) = -6*b(y) - 5*k(y). What are the prime factors of h(-7)?
2, 13
Let w = -11 - -18. What are the prime factors of w?
7
Suppose -6*x + 70 = -4*x. What are the prime factors of x?
5, 7
Let p(l) = 13*l**3 + 2*l**2 - 4*l + 3. Let q(a) = 13*a**3 + 2*a**2 - 5*a + 4. Let c(f) = 5*p(f) - 4*q(f). What are the prime factors of c(1)?
2, 7
Suppose -4*z = -9*z. Let a = 3 - z. What are the prime factors of a?
3
Let r be (6/10)/((-2)/(-20)). What are the prime factors of (8/r - 2)*-3?
2
Let x = 168 - 104. What 